me?
True
Is 10295053 a prime number?
False
Is 316068451 composite?
True
Is 11492023 composite?
False
Is 9877981 a composite number?
True
Is 14266214 composite?
True
Is 4256506 a composite number?
True
Is 615421529 a composite number?
False
Is 24321467 composite?
False
Is 1159894 composite?
True
Is 304187069 prime?
False
Is 18125687 composite?
False
Is 98342071 prime?
True
Is 208735433 composite?
False
Is 1050667 a prime number?
False
Is 3695911 a prime number?
True
Is 33417457 composite?
False
Is 861683 a composite number?
True
Is 90901 composite?
False
Is 45760193 prime?
True
Is 105988601 prime?
True
Is 13277791 a composite number?
False
Is 7038787 a composite number?
True
Is 194547 a composite number?
True
Is 25933283 a composite number?
False
Is 886589 a prime number?
False
Is 9579491 a prime number?
False
Is 308086655 prime?
False
Is 74809466 a composite number?
True
Is 1489361 a composite number?
True
Is 16974071 a prime number?
True
Is 188304619 a prime number?
False
Is 8572127 prime?
True
Is 2314753 prime?
False
Is 1088551019 prime?
False
Is 762677 composite?
True
Is 3846889105 prime?
False
Is 40321937 a prime number?
True
Is 6157803 composite?
True
Is 331739 a prime number?
True
Is 8132945 a composite number?
True
Is 1301339 prime?
False
Is 8049962 a prime number?
False
Is 24506701 prime?
True
Is 526901 composite?
True
Is 47496719 a prime number?
False
Is 2931893 prime?
False
Is 20759407 prime?
False
Is 356005883 a composite number?
False
Is 38486821 composite?
True
Is 3415501 prime?
False
Is 23600453 composite?
True
Is 1585029557 composite?
True
Is 1768181 a prime number?
True
Is 23055863 prime?
False
Is 812807 composite?
False
Is 143687119 composite?
False
Is 178240001 a composite number?
False
Is 13614329 a prime number?
False
Is 497198123 a prime number?
True
Is 1286179 a composite number?
True
Is 90056969 a composite number?
False
Is 18446027 a composite number?
False
Is 19907455 prime?
False
Is 42490417 prime?
True
Is 6937809 a composite number?
True
Is 158729 a composite number?
True
Is 48244627 composite?
True
Is 289304293 a composite number?
True
Is 334207217 composite?
False
Is 711107 a composite number?
True
Is 323960759 a composite number?
True
Is 11127219 a composite number?
True
Is 11583821 a composite number?
False
Is 93787 a prime number?
True
Is 169544509 composite?
True
Is 11116829 prime?
True
Is 18194249 prime?
True
Is 596399 a prime number?
True
Is 1315889 a composite number?
False
Is 58532053 a prime number?
True
Is 82398791 a prime number?
True
Is 4337197 prime?
False
Is 514487471 a prime number?
False
Is 5917451 composite?
False
Is 16284302 a prime number?
False
Is 9435263 composite?
False
Is 1216687 prime?
False
Is 16014539 a prime number?
True
Is 38187607 a prime number?
True
Is 1046401 a prime number?
False
Is 2114771 a composite number?
False
Is 122387 prime?
True
Is 9399151 a prime number?
True
Is 92431763 prime?
True
Is 26081161 composite?
False
Is 169988267 prime?
True
Is 16615282 composite?
True
Is 115202099 composite?
True
Is 108045139 a prime number?
False
Is 18504763 composite?
True
Is 8696131 a prime number?
False
Is 83034893 composite?
False
Is 25234117 prime?
True
Is 31926743 composite?
True
Is 20709133 a prime number?
True
Is 107722473 a composite number?
True
Is 5277661 a composite number?
False
Is 411731 a composite number?
True
Is 168771607 prime?
False
Is 68999 composite?
True
Is 30459463 a composite number?
False
Is 313335353 prime?
True
Is 1602955 a prime number?
False
Is 449189261 a prime number?
True
Is 681741209 a composite number?
False
Is 40698211 a prime number?
True
Is 13461901 a composite number?
False
Is 7636303 composite?
False
Is 310033 a composite number?
True
Is 11069615 a composite number?
True
Is 17893147 composite?
False
Is 8030497 a prime number?
True
Is 31389343 a prime number?
False
Is 59520497 a prime number?
True
Is 15564193 composite?
True
Is 3090053 a prime number?
False
Is 587248091 a prime number?
False
Is 498227 composite?
False
Is 5320027 composite?
False
Is 696047 a prime number?
False
Is 4894937 prime?
False
Is 260892773 prime?
True
Is 17383103 prime?
True
Is 3107509 a composite number?
False
Is 421634411 a prime number?
False
Is 85539001 composite?
True
Is 3387353 composite?
False
Is 70971053 composite?
False
Is 639757 a prime number?
True
Is 163061 a composite number?
False
Is 1040209 prime?
False
Is 158754613 a prime number?
False
Is 89101643 prime?
False
Is 15022097 a composite number?
True
Is 76380431 prime?
False
Is 4252606 prime?
False
Is 2706667 prime?
True
Is 15147779 a composite number?
True
Is 98427359 a composite number?
False
Is 3431387 prime?
False
Is 1592141 a prime number?
False
Is 1971199 composite?
False
Is 63910237 prime?
True
Is 627079 a prime number?
False
Is 3464399 composite?
True
Is 342229 prime?
False
Is 2484947 composite?
True
Is 27596681 prime?
False
Is 147411713 prime?
False
Is 41584461 prime?
False
Is 161312345 a prime number?
False
Is 7265597 composite?
True
Is 2392843 a composite number?
True
Is 7460899 prime?
False
Is 13869827 a composite number?
False
Is 2740813 a prime number?
False
Is 3252527 composite?
False
Is 6332849 composite?
False
Is 45958051 a composite number?
False
Is 3899002 a prime number?
False
Is 20618791 prime?
True
Is 135425462 a composite number?
True
Is 1635541 composite?
False
Is 16050029 composite?
False
Is 2531041 prime?
False
Is 53019053 prime?
True
Is 460674271 composite?
False
Is 340679 a prime number?
False
Is 441780727 a composite number?
True
Is 171773393 composite?
True
Is 277659035 a composite number?
True
Is 905551 prime?
True
Is 24328301 a composite number?
False
Is 10817437 a composite number?
False
Is 2286373 prime?
True
Is 5070379 a composite number?
False
Is 67128137 a composite number?
True
Is 43722139 a composite number?
False
Is 47465017 prime?
False
Is 8234497 composite?
False
Is 33937417 prime?
True
Is 4478118439 prime?
True
Is 277297835 composite?
True
Is 194740561 prime?
True
Is 40189 a prime number?
True
Is 174092731 a prime number?
True
Is 14796349 a composite number?
False
Is 405659551 a prime number?
False
Is 1182083393 a composite number?
False
Is 928117 composite?
True
Is 11611549 a composite number?
False
Is 217643 a composite number?
False
Is 39867733 composite?
False
Is 606563877 a composite number?
True
Is 545317 a prime number?
False
Is 345987463 prime?
True
Is 133480843 a prime number?
False
Is 171432617 composite?
True
Is 4925443 composite?
False
Is 8829269 a prime number?
False
Is 64699049 composite?
False
Is 4228129 composite?
True
Is 66620951 a composite number?
False
Is 2646211 prime?
True
Is 15667759 prime?
False
Is 16938733 composite?
True
Is 354439 a prime number?
True
Is 7560181 a composite number?
True
Is 1327993 prime?
False
Is 41113 prime?
True
Is 6066563 prime?
False
Is 1028011 a composite number?
False
Is 351767 composite?
True
Is 94873621 a composite number?
True
Is 8023123 a composite number?
False
Is 19413059 prime?
True
Is 14063323 a composite number?
False
Is 17409157 prime?
True
Is 525022123 composite?
False
Is 1212242 composite?
True
Is 956539 prime?
False
Is 18164369 composite?
False
Is 385249 a prime number?
True
Is 16807634 composite?
True
Is 5947427 composite?
True
Is 11729681 composite?
False
Is 1859167 composite?
False
Is 3949793 a prime number?
True
Is 3401831 prime?
True
Is 255943 prime?
False
Is 14098993 a prime number?
False
Is 13516309 a composite number?
True
Is 856165 prime?
False
Is 11228795 composite?
True
Is 2036402 prime?
False
Is 200638937 prime?
False
Is 1765306 a prime number?
False
Is 52805593 a composite number?
True
Is 22314382 composite?
True
Is 2090567 prime?
True
Is 18655121 prime?
False
Is 427318051 a composite number?
False
Is 1901771 composite?
False
Is 1342469 composite?
True
Is 7711811 a prime number?
False
Is 531380243 composite?
False
Is 16503283 a composite number?
False
Is 22389577 composite?
True
Is 161008517 composite?
True
Is 8367497 a composite number?
True
Is 91537 composite?
True
Is 6564077 composite?
True
Is 462916022 a prime number?
False
Is 58595321 a composite number?
False
Is 90987803 composite?
True
Is 1344443 composite?
True
Is 88376789 prime?
True
Is 100573501 prime?
False
Is 5949947 a prime number?
Fals